{"id":23,"date":"2019-06-29T11:58:21","date_gmt":"2019-06-29T11:58:21","guid":{"rendered":"http:\/\/mueckenschutz-zimt.de\/?page_id=23"},"modified":"2020-02-09T15:28:36","modified_gmt":"2020-02-09T15:28:36","slug":"so-gehts","status":"publish","type":"page","link":"https:\/\/mueckenschutz-zimt.de\/?page_id=23","title":{"rendered":"So geht&#8217;s&#8230;"},"content":{"rendered":"\t\t<div data-elementor-type=\"wp-post\" data-elementor-id=\"23\" class=\"elementor elementor-23\">\n\t\t\t\t\t\t<section class=\"elementor-section elementor-top-section elementor-element elementor-element-3e77278 elementor-section-boxed elementor-section-height-default elementor-section-height-default\" data-id=\"3e77278\" data-element_type=\"section\">\n\t\t\t\t\t\t<div class=\"elementor-container elementor-column-gap-default\">\n\t\t\t\t\t<div class=\"elementor-column elementor-col-100 elementor-top-column elementor-element elementor-element-3ac9e23\" data-id=\"3ac9e23\" data-element_type=\"column\">\n\t\t\t<div class=\"elementor-widget-wrap elementor-element-populated\">\n\t\t\t\t\t\t<div class=\"elementor-element elementor-element-32fcf26 elementor-widget elementor-widget-heading\" data-id=\"32fcf26\" data-element_type=\"widget\" data-widget_type=\"heading.default\">\n\t\t\t\t<div class=\"elementor-widget-container\">\n\t\t\t\t\t<h2 class=\"elementor-heading-title elementor-size-default\">Was Sie brauchen:<\/h2>\t\t\t\t<\/div>\n\t\t\t\t<\/div>\n\t\t\t\t\t<\/div>\n\t\t<\/div>\n\t\t\t\t\t<\/div>\n\t\t<\/section>\n\t\t\t\t<section class=\"elementor-section elementor-top-section elementor-element elementor-element-f4005a0 elementor-section-boxed elementor-section-height-default elementor-section-height-default\" data-id=\"f4005a0\" data-element_type=\"section\">\n\t\t\t\t\t\t<div class=\"elementor-container elementor-column-gap-default\">\n\t\t\t\t\t<div class=\"elementor-column elementor-col-100 elementor-top-column elementor-element elementor-element-ae655b3\" data-id=\"ae655b3\" data-element_type=\"column\">\n\t\t\t<div class=\"elementor-widget-wrap elementor-element-populated\">\n\t\t\t\t\t\t<div class=\"elementor-element elementor-element-e96cc56 elementor-widget elementor-widget-text-editor\" data-id=\"e96cc56\" data-element_type=\"widget\" data-widget_type=\"text-editor.default\">\n\t\t\t\t<div class=\"elementor-widget-container\">\n\t\t\t\t\t\t\t\t\t<ul><li>Zimtstangen<ul><li>bitte Ceylon-Zimt, weil ges\u00fcnder<\/li><li>erh\u00e4ltlich im gut sortierten Lebensmittelhandel, Bioladen, Reformhaus, 3-Weltladen<\/li><\/ul><\/li><li>Gummiband<ul><li>Stoffgesch\u00e4ft<ul><li>1x d\u00fcnn f\u00fcr Halskette<\/li><li>1x sehr d\u00fcnn f\u00fcr die Ohranh\u00e4nger<\/li><\/ul><\/li><\/ul><\/li><li>Perlen und Filz (Kleiderschutz)<ul><li>im Bastelbedarf<\/li><\/ul><\/li><li>Bohrer (f\u00fcr die Halskette)<\/li><li>N\u00e4hnadel und S\u00e4ge (f\u00fcr die Ohranh\u00e4nger)<\/li><\/ul>\t\t\t\t\t\t\t\t<\/div>\n\t\t\t\t<\/div>\n\t\t\t\t\t<\/div>\n\t\t<\/div>\n\t\t\t\t\t<\/div>\n\t\t<\/section>\n\t\t\t\t<section class=\"elementor-section elementor-top-section elementor-element elementor-element-7f9a3e3 elementor-section-boxed elementor-section-height-default elementor-section-height-default\" data-id=\"7f9a3e3\" data-element_type=\"section\">\n\t\t\t\t\t\t<div class=\"elementor-container elementor-column-gap-default\">\n\t\t\t\t\t<div class=\"elementor-column elementor-col-100 elementor-top-column elementor-element elementor-element-1dec428\" data-id=\"1dec428\" data-element_type=\"column\">\n\t\t\t<div class=\"elementor-widget-wrap elementor-element-populated\">\n\t\t\t\t\t\t<div class=\"elementor-element elementor-element-facbf13 elementor-widget elementor-widget-heading\" data-id=\"facbf13\" data-element_type=\"widget\" data-widget_type=\"heading.default\">\n\t\t\t\t<div class=\"elementor-widget-container\">\n\t\t\t\t\t<h2 class=\"elementor-heading-title elementor-size-default\">Bastelanleitung:<\/h2>\t\t\t\t<\/div>\n\t\t\t\t<\/div>\n\t\t\t\t\t<\/div>\n\t\t<\/div>\n\t\t\t\t\t<\/div>\n\t\t<\/section>\n\t\t\t\t<section class=\"elementor-section elementor-top-section elementor-element elementor-element-0a9427a elementor-section-boxed elementor-section-height-default elementor-section-height-default\" data-id=\"0a9427a\" data-element_type=\"section\">\n\t\t\t\t\t\t<div class=\"elementor-container elementor-column-gap-default\">\n\t\t\t\t\t<div class=\"elementor-column elementor-col-100 elementor-top-column elementor-element elementor-element-9c3d356\" data-id=\"9c3d356\" data-element_type=\"column\">\n\t\t\t<div class=\"elementor-widget-wrap elementor-element-populated\">\n\t\t\t\t\t\t<div class=\"elementor-element elementor-element-efefacf elementor-widget elementor-widget-text-editor\" data-id=\"efefacf\" data-element_type=\"widget\" data-widget_type=\"text-editor.default\">\n\t\t\t\t<div class=\"elementor-widget-container\">\n\t\t\t\t\t\t\t\t\t<ul><li>Ich denke, aus den Bildern kann man recht gut erkennen, wie die einzelnen Komponenten aufgef\u00e4delt wurden.<\/li><li>Halskette:<ul><li>Bohren Sie mit einem sehr d\u00fcnnen Holzbohrer vorsichtig ein Loch durch die Zimtstange<\/li><\/ul><\/li><li><span style=\"font-size: 14px;\">Seien Sie kreativ! Erstellen Sie sich Ihren eigenen Schmuck!<\/span><\/li><\/ul><p>Fu\u00dfkettchen sind sicherlich auch eine gute Idee. (M\u00fccken werden u.a. von K\u00f6rpergeruch, W\u00e4rme und\u00a0 Kohlendioxyd angezogen).<\/p>\t\t\t\t\t\t\t\t<\/div>\n\t\t\t\t<\/div>\n\t\t\t\t\t<\/div>\n\t\t<\/div>\n\t\t\t\t\t<\/div>\n\t\t<\/section>\n\t\t\t\t<section class=\"elementor-section elementor-top-section elementor-element elementor-element-ed4fe60 elementor-section-boxed elementor-section-height-default elementor-section-height-default\" data-id=\"ed4fe60\" data-element_type=\"section\">\n\t\t\t\t\t\t<div class=\"elementor-container elementor-column-gap-default\">\n\t\t\t\t\t<div class=\"elementor-column elementor-col-100 elementor-top-column elementor-element elementor-element-723c829\" data-id=\"723c829\" data-element_type=\"column\">\n\t\t\t<div class=\"elementor-widget-wrap elementor-element-populated\">\n\t\t\t\t\t\t<div class=\"elementor-element elementor-element-5a95698 elementor-widget elementor-widget-heading\" data-id=\"5a95698\" data-element_type=\"widget\" data-widget_type=\"heading.default\">\n\t\t\t\t<div class=\"elementor-widget-container\">\n\t\t\t\t\t<h2 class=\"elementor-heading-title elementor-size-default\">Sonstiges:<\/h2>\t\t\t\t<\/div>\n\t\t\t\t<\/div>\n\t\t\t\t\t<\/div>\n\t\t<\/div>\n\t\t\t\t\t<\/div>\n\t\t<\/section>\n\t\t\t\t<section class=\"elementor-section elementor-top-section elementor-element elementor-element-1030869 elementor-section-boxed elementor-section-height-default elementor-section-height-default\" data-id=\"1030869\" data-element_type=\"section\">\n\t\t\t\t\t\t<div class=\"elementor-container elementor-column-gap-default\">\n\t\t\t\t\t<div class=\"elementor-column elementor-col-100 elementor-top-column elementor-element elementor-element-9669830\" data-id=\"9669830\" data-element_type=\"column\">\n\t\t\t<div class=\"elementor-widget-wrap elementor-element-populated\">\n\t\t\t\t\t\t<div class=\"elementor-element elementor-element-086f9d1 elementor-widget elementor-widget-text-editor\" data-id=\"086f9d1\" data-element_type=\"widget\" data-widget_type=\"text-editor.default\">\n\t\t\t\t<div class=\"elementor-widget-container\">\n\t\t\t\t\t\t\t\t\t<p>Bringen Sie Ihre gebastelten Zimt-Schmuckprodukte in Bettn\u00e4he an. Auch das Gl\u00e4schen mit Speise\u00f6l und Zimtstange ist sehr effektiv.<\/p>\n<h3><strong>VORSICHT! Nicht f\u00fcr Kleinkinder geeignet! Verschluckbare Kleinteile&#8230;.<\/strong><\/h3>\n<p><span style=\"font-size: 14px;\">Sie k\u00f6nnen auch Zimtpulver auf Socken streuen. Allerdings gehen diese Verf\u00e4rbungen unter Umst\u00e4nden nicht mehr vollst\u00e4ndig aus den Kleidungsst\u00fccken heraus. Ggf. vorher ausprobieren!<\/span><\/p>\n<p>&#8230;und wenn Sie <span style=\"text-decoration: underline;\">dennoch gestochen werden:<\/span> So bald als m\u00f6glich eine frische <span style=\"text-decoration: underline;\">Zwiebelscheibe<\/span> auf der Einstichstelle f\u00fcr eine l\u00e4ngere Zeit <span style=\"text-decoration: underline;\">fixieren<\/span> (z.B. mit einem Rollenpflaster)<\/p>\t\t\t\t\t\t\t\t<\/div>\n\t\t\t\t<\/div>\n\t\t\t\t\t<\/div>\n\t\t<\/div>\n\t\t\t\t\t<\/div>\n\t\t<\/section>\n\t\t\t\t<\/div>\n\t\t","protected":false},"excerpt":{"rendered":"<p>Was Sie brauchen: Zimtstangen bitte Ceylon-Zimt, weil ges\u00fcnder erh\u00e4ltlich im gut sortierten Lebensmittelhandel, Bioladen, Reformhaus, 3-Weltladen Gummiband Stoffgesch\u00e4ft 1x d\u00fcnn f\u00fcr Halskette 1x sehr d\u00fcnn f\u00fcr die Ohranh\u00e4nger Perlen und Filz (Kleiderschutz) im Bastelbedarf Bohrer (f\u00fcr die Halskette) N\u00e4hnadel und S\u00e4ge (f\u00fcr die Ohranh\u00e4nger) Bastelanleitung: Ich denke, aus den Bildern kann man recht gut erkennen, [&hellip;]<\/p>\n","protected":false},"author":1,"featured_media":0,"parent":0,"menu_order":0,"comment_status":"closed","ping_status":"closed","template":"","meta":{"ocean_post_layout":"full-screen","ocean_both_sidebars_style":"","ocean_both_sidebars_content_width":0,"ocean_both_sidebars_sidebars_width":0,"ocean_sidebar":"0","ocean_second_sidebar":"0","ocean_disable_margins":"enable","ocean_add_body_class":"","ocean_shortcode_before_top_bar":"","ocean_shortcode_after_top_bar":"","ocean_shortcode_before_header":"","ocean_shortcode_after_header":"","ocean_has_shortcode":"","ocean_shortcode_after_title":"","ocean_shortcode_before_footer_widgets":"","ocean_shortcode_after_footer_widgets":"","ocean_shortcode_before_footer_bottom":"","ocean_shortcode_after_footer_bottom":"","ocean_display_top_bar":"off","ocean_display_header":"off","ocean_header_style":"","ocean_center_header_left_menu":"0","ocean_custom_header_template":"0","ocean_custom_logo":0,"ocean_custom_retina_logo":0,"ocean_custom_logo_max_width":0,"ocean_custom_logo_tablet_max_width":0,"ocean_custom_logo_mobile_max_width":0,"ocean_custom_logo_max_height":0,"ocean_custom_logo_tablet_max_height":0,"ocean_custom_logo_mobile_max_height":0,"ocean_header_custom_menu":"0","ocean_menu_typo_font_family":"0","ocean_menu_typo_font_subset":"","ocean_menu_typo_font_size":0,"ocean_menu_typo_font_size_tablet":0,"ocean_menu_typo_font_size_mobile":0,"ocean_menu_typo_font_size_unit":"px","ocean_menu_typo_font_weight":"","ocean_menu_typo_font_weight_tablet":"","ocean_menu_typo_font_weight_mobile":"","ocean_menu_typo_transform":"","ocean_menu_typo_transform_tablet":"","ocean_menu_typo_transform_mobile":"","ocean_menu_typo_line_height":0,"ocean_menu_typo_line_height_tablet":0,"ocean_menu_typo_line_height_mobile":0,"ocean_menu_typo_line_height_unit":"","ocean_menu_typo_spacing":0,"ocean_menu_typo_spacing_tablet":0,"ocean_menu_typo_spacing_mobile":0,"ocean_menu_typo_spacing_unit":"","ocean_menu_link_color":"","ocean_menu_link_color_hover":"","ocean_menu_link_color_active":"","ocean_menu_link_background":"","ocean_menu_link_hover_background":"","ocean_menu_link_active_background":"","ocean_menu_social_links_bg":"","ocean_menu_social_hover_links_bg":"","ocean_menu_social_links_color":"","ocean_menu_social_hover_links_color":"","ocean_disable_title":"default","ocean_disable_heading":"default","ocean_post_title":"","ocean_post_subheading":"","ocean_post_title_style":"","ocean_post_title_background_color":"","ocean_post_title_background":0,"ocean_post_title_bg_image_position":"","ocean_post_title_bg_image_attachment":"","ocean_post_title_bg_image_repeat":"","ocean_post_title_bg_image_size":"","ocean_post_title_height":0,"ocean_post_title_bg_overlay":0.5,"ocean_post_title_bg_overlay_color":"","ocean_disable_breadcrumbs":"off","ocean_breadcrumbs_color":"","ocean_breadcrumbs_separator_color":"","ocean_breadcrumbs_links_color":"","ocean_breadcrumbs_links_hover_color":"","ocean_display_footer_widgets":"on","ocean_display_footer_bottom":"on","ocean_custom_footer_template":"0","footnotes":""},"class_list":["post-23","page","type-page","status-publish","hentry","entry"],"_links":{"self":[{"href":"https:\/\/mueckenschutz-zimt.de\/index.php?rest_route=\/wp\/v2\/pages\/23","targetHints":{"allow":["GET"]}}],"collection":[{"href":"https:\/\/mueckenschutz-zimt.de\/index.php?rest_route=\/wp\/v2\/pages"}],"about":[{"href":"https:\/\/mueckenschutz-zimt.de\/index.php?rest_route=\/wp\/v2\/types\/page"}],"author":[{"embeddable":true,"href":"https:\/\/mueckenschutz-zimt.de\/index.php?rest_route=\/wp\/v2\/users\/1"}],"replies":[{"embeddable":true,"href":"https:\/\/mueckenschutz-zimt.de\/index.php?rest_route=%2Fwp%2Fv2%2Fcomments&post=23"}],"version-history":[{"count":16,"href":"https:\/\/mueckenschutz-zimt.de\/index.php?rest_route=\/wp\/v2\/pages\/23\/revisions"}],"predecessor-version":[{"id":82,"href":"https:\/\/mueckenschutz-zimt.de\/index.php?rest_route=\/wp\/v2\/pages\/23\/revisions\/82"}],"wp:attachment":[{"href":"https:\/\/mueckenschutz-zimt.de\/index.php?rest_route=%2Fwp%2Fv2%2Fmedia&parent=23"}],"curies":[{"name":"wp","href":"https:\/\/api.w.org\/{rel}","templated":true}]}}